n 9940283 is divided by 2485054.
67
Calculate the remainder when 108952433 is divided by 252.
233
What is the remainder when 3422136 is divided by 27?
21
Calculate the remainder when 183148708 is divided by 233.
223
What is the remainder when 7690593 is divided by 74?
69
Calculate the remainder when 36343540 is divided by 2137855.
5
Calculate the remainder when 920217 is divided by 184025.
92
Calculate the remainder when 1371964 is divided by 202.
182
What is the remainder when 34837697 is divided by 580?
577
Calculate the remainder when 20179620 is divided by 575.
570
Calculate the remainder when 170314011 is divided by 1362.
1359
Calculate the remainder when 1185844 is divided by 10049.
62
Calculate the remainder when 4349 is divided by 4142.
207
Calculate the remainder when 735264 is divided by 367631.
2
Calculate the remainder when 279444 is divided by 418.
220
Calculate the remainder when 171530 is divided by 6855.
155
What is the remainder when 564395 is divided by 282185?
25
What is the remainder when 3314173 is divided by 3246?
7
Calculate the remainder when 3736024 is divided by 48.
40
Calculate the remainder when 743224 is divided by 704.
504
What is the remainder when 5596642 is divided by 2537?
20
Calculate the remainder when 533524 is divided by 177793.
145
What is the remainder when 15838302 is divided by 15838293?
9
What is the remainder when 211456 is divided by 2842?
1148
Calculate the remainder when 269761 is divided by 265379.
4382
Calculate the remainder when 250166 is divided by 24957.
596
What is the remainder when 306955 is divided by 153332?
291
What is the remainder when 1391550 is divided by 2102?
26
Calculate the remainder when 867695 is divided by 7112.
31
What is the remainder when 23909 is divided by 23894?
15
What is the remainder when 8201100 is divided by 19?
16
Calculate the remainder when 1943762 is divided by 4945.
377
Calculate the remainder when 39096476 is divided by 705.
701
Calculate the remainder when 19443735 is divided by 28.
3
What is the remainder when 6452 is divided by 379?
9
What is the remainder when 1479947 is divided by 20552?
203
What is the remainder when 8924848 is divided by 56?
16
Calculate the remainder when 1896041 is divided by 947988.
65
What is the remainder when 122643265 is divided by 703?
697
Calculate the remainder when 149242535 is divided by 68.
11
Calculate the remainder when 26134649 is divided by 1388.
1385
Calculate the remainder when 1648907 is divided by 183140.
647
What is the remainder when 20053603 is divided by 92?
87
Calculate the remainder when 47926593 is divided by 15975527.
12
Calculate the remainder when 31588864 is divided by 5264805.
34
What is the remainder when 6671120 is divided by 3335527?
66
What is the remainder when 109513768 is divided by 34159?
14
Calculate the remainder when 61555 is divided by 380.
375
Calculate the remainder when 2328380 is divided by 2066.
2064
Calculate the remainder when 468787 is divided by 6654.
3007
What is the remainder when 16831699 is divided by 667?
621
What is the remainder when 47218 is divided by 4581?
1408
What is the remainder when 336698 is divided by 258?
8
What is the remainder when 2060927 is divided by 1030451?
25
What is the remainder when 316714 is divided by 52783?
16
What is the remainder when 432608 is divided by 143821?
1145
Calculate the remainder when 97930 is divided by 2047.
1721
Calculate the remainder when 29551 is divided by 4520.
2431
Calculate the remainder when 96497455 is divided by 45.
40
What is the remainder when 144579 is divided by 143935?
644
Calculate the remainder when 230560 is divided by 1943.
1286
What is the remainder when 1125877 is divided by 375231?
184
Calculate the remainder when 3207810 is divided by 345.
0
What is the remainder when 1930820 is divided by 12617?
419
Calculate the remainder when 211755 is divided by 52921.
71
What is the remainder when 238766489 is divided by 15?
14
Calculate the remainder when 31723572 is divided by 299.
270
Calculate the remainder when 2560465 is divided by 16735.
10
Calculate the remainder when 449212284 is divided by 304.
300
What is the remainder when 5523320 is divided by 15091?
14
Calculate the remainder when 16381483 is divided by 15.
13
What is the remainder when 1201637 is divided by 424?
21
Calculate the remainder when 86432908 is divided by 28810963.
19
Calculate the remainder when 92472 is divided by 30612.
636
What is the remainder when 37006 is divided by 2937?
1762
What is the remainder when 89550913 is divided by 474?
463
Calculate the remainder when 4819614 is divided by 133876.
78
Calculate the remainder when 48734633 is divided by 1479.
104
What is the remainder when 7308205 is divided by 1827038?
53
What is the remainder when 38847692 is divided by 805?
2
What is the remainder when 288015 is divided by 1526?
1127
What is the remainder when 1761299 is divided by 293456?
563
What is the remainder when 185566 is divided by 506?
370
What is the remainder when 3157169 is divided by 1497?
1493
What is the remainder when 131128488 is divided by 277?
12
What is the remainder when 184684 is divided by 230?
224
What is the remainder when 26726430 is divided by 438138?
12
Calculate the remainder when 25498210 is divided by 383.
368
Calculate the remainder when 60380269 is divided by 9.
7
Calculate the remainder when 154210 is divided by 1416.
1282
Calculate the remainder when 140644478 is divided by 20.
18
Calculate the remainder when 63544 is divided by 7050.
94
Calculate the remainder when 1452197 is divided by 21641.
2250
What is the remainder when 6369351 is divided by 190?
171
Calculate the remainder when 402259 is divided by 421.
204
Calculate the remainder when 2928780 is divided by 162710.
0
Calculate the remainder when 29153 is divided by 7280.
33
What is the remainder when 157655 is divided by 417?
29
What is the remainder when 385367 is divided by 359?
160
What is the remainder when 385224237 is divided by 690?
687
Calculate the remainder when 65618578 is divided by 21872849.
31
What is the remainder when 7757715 is divided by 3920?
35
Calculate the remainder when 63412409 is divided by 4834.
4831
Calculate the remainder when 26336 is divided by 271.
49
Calculate the remainder when 63431115 is divided by 41.
15
What is the remainder when 812629885 is divided by 8?
5
Calculate the remainder when 1840756 is divided by 1326.
268
What is the remainder when 17412 is divided by 2642?
1560
Calculate the remainder when 5438598 is divided by 3440.
3398
What is the remainder when 930132 is divided by 4613?
2919
What is the remainder when 127791 is divided by 10649?
3
Calculate the remainder when 13608360 is divided by 6804128.
104
Calculate the remainder when 8385867 is divided by 253.
182
What is the remainder when 171262 is divided by 2268?
1162
What is the remainder when 34690015 is divided by 2824?
2823
What is the remainder when 55446096 is divided by 4219?
4217
Calculate the remainder when 905051 is divided by 11603.
17
What is the remainder when 138355 is divided by 922?
55
What is the remainder when 31318 is divided by 7524?
1222
Calculate the remainder when 338913 is divided by 926.
923
Calculate the remainder when 35247519 is divided by 2464.
2463
What is the remainder when 95187 is divided by 9513?
57
What is the remainder when 4917516 is divided by 122?
62
Calculate the remainder when 123811 is divided by 878.
13
Calculate the remainder when 333522 is divided by 257.
193
What is the remainder when 132337 is divided by 507?
10
What is the remainder when 5566957 is divided by 1801?
66
Calculate the remainder when 5232430 is divided by 5264.
14
What is the remainder when 224323119 is divided by 2030?
2029
Calculate the remainder when 37159 is divided by 37150.
9
Calculate the remainder when 781141 is divided by 195.
166
Calculate the remainder when 76358 is divided by 23895.
4673
Calculate the remainder when 1347322 is divided by 2221.
1396
Calculate the remainder when 2512290 is divided by 85.
30
Calculate the remainder when 576665458 is divided by 756.
754
What is the remainder when 12245739 is divided by 6?
3
Calculate the remainder when 1671349 is divided by 1450.
949
What is the remainder when 1113325 is divided by